 - -15)?
-1
What is 22 + -20 + 1 + 0 + 2?
5
Calculate -1 - (4 + -1 + -1).
-3
What is the value of 4 + (2 - -1 - 4)?
3
Calculate -1 + 5 + (0 - -2).
6
Calculate 7 + (7 - 12) - (3 - 2).
1
What is the value of 4 + (-5 - -3 - 5) - -2?
-1
What is the value of 0 + -2 + 8 + (-3 - 1)?
2
Evaluate 6 + 3 + -3 - 1.
5
What is the value of 1 - (-3 - -1 - -2) - -2?
3
Calculate -2 - (7 + -10 + 1).
0
What is the value of 25 + -29 + 1 + 4?
1
What is -4 + (2 - (-4 + 3)) + 0?
-1
-1 - (-7 - (1 - 2))
5
-5 + -5 + 7 + 6
3
9 + (4 + -4 - 5) + -11
-7
Evaluate (-1 - (16 + -8)) + 4.
-5
1 + 3 + 0 + 1
5
Calculate -13 + 6 + 0 + 7.
0
(-8 - (-2 + -2)) + 2
-2
3 - 0 - (-4 - -6)
1
Calculate 5 + 2 - 8 - -7.
6
What is the value of (1 - 2) + (-18 - -26)?
7
Calculate 1 + -2 - (10 + -16 + 3).
2
4 + 0 + (3 + -6 - 2)
-1
What is (5 - (3 + 1)) + -1?
0
What is 0 - ((18 - 10) + 1 + -1)?
-8
What is 0 + -11 + -20 + 28?
-3
What is the value of 11 + -15 + (-1 - -2 - -12)?
9
(3 - (-3 - -3)) + -7
-4
What is 8 - (10 + -3 + -3)?
4
Evaluate 6 - (-1 - (-3 + (-4 - -6))).
6
What is the value of 2 - -2 - (5 - -1)?
-2
4 + -2 + -8 - -12
6
Evaluate (-10 + 9 - (1 + -2)) + 9.
9
Evaluate -10 + 16 + (0 - 4).
2
Calculate (-1 - -3) + -7 - (-5 - 2).
2
3 + -2 - (3 + (-1 - -2))
-3
What is 2 - (-6 - 0) - 3?
5
Calculate 5 - (10 - (6 - 6)).
-5
Evaluate 1 - -2 - (1 + -6 - -11).
-3
-13 - (4 + -20 - -7)
-4
-7 - (8 + (-6 - 11))
2
What is the value of -3 - 8 - -3 - -4 - 1?
-5
0 + -4 + (20 - 16)
0
Calculate -3 + (5 + -12 - -4) + 1.
-5
1 + -1 - (23 - 22)
-1
-5 + 5 + 18 - 10
8
Evaluate -9 - (11 - 4) - -14.
-2
What is 0 - (2 + (-11 - -1))?
8
-9 - ((-4 - -5) + -9)
-1
Calculate -1 - 0 - (-4 + 8 + -4).
-1
What is the value of (-1 - -2) + (4 - 9)?
-4
What is the value of 7 - 0 - (50 + -37)?
-6
Calculate (-17 - (-10 - 0)) + 2.
-5
What is -7 + (7 + -16 - -11)?
-5
What is -5 - (-7 - (0 - 1))?
1
Evaluate (2 - 4) + (9 - 12).
-5
What is 12 - (-4 - -7) - (1 + 3)?
5
Calculate 7 + (3 - ((1 - -1) + 4)).
4
Evaluate -11 - -17 - (-1 - -11).
-4
Evaluate (5 - 0) + (-3 - 0).
2
What is the value of 2 - ((2 - 4) + -1)?
5
What is -6 + (0 - -2) + 3?
-1
What is the value of -8 + 1 - (-7 - -4) - -4?
0
2 - (-4 - (-1 + -7))
-2
Calculate (0 - ((-4 - -7) + -5)) + -6.
-4
Calculate 1 - 2 - (-5 - -3).
1
What is 5 + (-1 - 3) - 3?
-2
Evaluate (-10 - -13 - -2) + -14.
-9
0 - 2 - -1 - -1
0
What is the value of 9 - (7 + -2) - 4?
0
What is the value of 12 - 9 - (-1 - -2 - 3)?
5
Calculate -8 - (-5 + (-4 - -8)).
-7
(-5 - (7 - 5)) + 5
-2
Evaluate (0 - (3 - 0)) + 2 + -2.
-3
Evaluate 12 - (2 + 2 + 3).
5
What is -2 + 5 + -1 - (-5 - 1)?
8
What is the value of 4 + -5 + -7 + 7 + -4?
-5
What is the value of -4 + 2 + -1 - 1?
-4
Evaluate 5 - (3 - (-2 + -3 + 6)).
3
-20 + 34 + -18 + 8 + -1
3
Evaluate 1 - -2 - (-1 - -2).
2
Calculate -15 + 22 + (-2 - 6).
-1
Evaluate 2 - (4 + -8 + 2).
4
What is the value of 1 + 6 + 1 + (8 - 7)?
9
What is 5 + (0 - (-7 - -10))?
2
7 + -5 - (2 - -1)
-1
Calculate 2 + -8 - 3 - -7.
-2
What is the value of -10 + 8 + (2 - -7)?
7
Evaluate (2 + -3 - 2) + -1 - -9.
5
What is (6 - 3) + 0 - 1?
2
Evaluate 0 - -2 - (13 - 16).
5
Calculate (12 - 3) + 10 + -23.
-4
Evaluate -2 + (2 - (3 - 3)) + 0.
0
What is -11 - (0 + -2 + (3 - 8))?
-4
Evaluate (-12 - (11 - 30)) + -16.
-9
What is -5 - -1 - (0 + 1)?
-5
What is the value of -8 + (-15 - -9 - -14)?
0
What is -9 - -14 - (-5 + 8)?
2
What is -2 + 0 + 13 + (-26 - -18)?
3
Evaluate (-8 + -7 - -7) + 7.
-1
Evaluate 1 + (0 - -3) + -2.
2
What is 8 + 2 + -16 + -2 + 8?
0
What is 0 + 1 + 8 + -5?
4
What is the value of 10 - 22 - -10 - -3?
1
Calculate -2 + -2 - (0 + -5 + 0).
1
What is 90 - 85 - (-1 - -12)?
-6
Evaluate -9 - (5 + 0) - -11.
-3
What is (0 - 2) + 6 - (-12 + 12)?
4
Evaluate 5 - -1 - (1 + 9).
-4
Evaluate 4 + -2 + 5 + -3.
4
-3 - (0 - -1) - 0
-4
Calculate 9 - (0 - -5 - 1).
5
Calculate -3 + 0 + 34 + -30.
1
Calculate (-4 - 5 - -4) + (8 - 1).
2
What is -12 - (1 + -11) - -9?
7
What is the value of (0 - (5 - 9)) + -3 + 1?
2
-2 - (-6 - (-2 + -4)) - 4
-6
Evaluate (23 - 7) + -11 + -5.
0
4 + (0 - 4) - 4
-4
Evaluate 2 - ((6 - 3) + -5).
4
What is -7 + (5 - 14 - -18)?
2
Evaluate (7 - 21) + 6 + 2.
-6
What is the value of -7 + 4 - -1 - -1 - -2?
1
Calculate 2 + -3 + 3 - (1 - -1).
0
4 - (-25 + 14 + 7)
8
What is the value of (3 - (0 - 0 - -1)) + -1?
1
Evaluate -1 - 7 - (-21 + 7) - 4.
2
63 + -65 - (1 + -2)
-1
Calculate 2 - 9 - (0 + -5).
-2
What is the value of (1 - 6) + (-20 - -24)?
-1
Evaluate -22 + 23 - (-2 - -2).
1
1 - 0 - (-3 + 6 + -7)
5
Calculate (-12 - -2) + (-19 - -22).
-7
What is 4 + (-13 + 1 - (22 - 22))?
-8
Calculate 11 - (0 + -5 + 10).
6
What is the value of -2 + (-2 + -1 - (2 - 4))?
-3
What is the value of (6 - -2) + 16 + -22?
2
-14 - ((9 - -2) + -19)
-6
Evaluate 4 + (-3 - (-1 - (1 - -2))).
5
Calculate (-2 - -2) + (-11 - -6 - -1).
-4
5 + -1 - (6 - 1)
-1
(-4 - -17) + -5 - 6
2
Evaluate -5 + 12 + -12 + 0.
-5
What is (-56 - -49) + 2 + -2 + 2?
-5
What is the value of -12 + 10 - (0 + 3)?
-5
6 - (5 + -2) - (1 - 3)
5
Calculate (0 - -3 - 1 - 1) + 0.
1
0 + (-1 - -1) - 2
-2
3 - (2 + -4 + 1)
4
Calculate 9 - ((0 - 0) + (-11 - -14)).
6
Calculate 2 - -8 - (14 + 0).
-4
What is the value of (5 - 14) + 1 - (-6 + 2)?
-4
What is the value of -3 + -8 - -5 - (-2 + 1)?
-5
Calculate 4 + -1 + -9 - -4.
-2
What is -10 + 10 + -1 + 1 - -4?
4
What is the value of -12 + (8 - 6 - -12)?
2
-4 - (-1 - (9 - 5))
1
0 + 0 + (-3 - -4) + 4
5
Calculate 0 - ((-6 - -7) + -1).
0
1 + 0 - (-6 + (2 - 0))
5
What is -7 + (1 - 2) - -11?
3
Calculate -14 + 9 + 4 + -2 + -2.
-5
What is the value of -12 - -5 - (-5 - (-2 + 1))?
-3
What is 1 + (-2 - (5 + -2 + -1))?
-3
Evaluate 4 + (-3 + 1 - 3).
-1
What is the value of 0 + 0 - (9 + -7)?
-2
Evaluate -11 - (9 + -26 + -1).
7
What is 4 + (-5 - -4 - 2)?
1
What is the value of 6 + -10 + 0 + 13?
9
What is 0 - 2 - (0 + 0 + 2)?
-4
Evaluate 5 + (-1 - 1) + 2 + 2.
7
(0 - -5) + -5 + 4 - -6
10
What is (-3 - -5 - 3) + 2?
1
What is the value of (-5 - (-5 - 2)) + -7?
-5
Calculate 1 - (-1 - 0 - 4).
6
What is the value of (6 - 5 - 2) + 1?
0
-14 + 8 + -5 + 5 - -1
-5
Evaluate -5 + 1 + -8 + 7.
-5
Evaluate -2 - ((1 - 4) + 2) - 3.
-4
What is -5 + (-8 - (-2 + -10))?
-1
What is (-13 - -5) + 4 - (-6 + 1)?
1
What is the value of -2 + (1 - -2 - -3)?
4
What is the value of (-4 - -2) + 4 - -1?
3
Evaluate (-11 + 1 - -5) + 10 + -4.
1
What is the value of (8 - 3) + -5 + -6 - -11?
5
Calculate (6 - (-14 - -2)) + -11.
7
Evaluate 2 + (-8 - 0) - (30 - 31).
-5
What is the value of -4 - (1 + 7 + -5)?
-7
What is the value of 7 + (3 + -5 + -1 - -2)?
6
Evaluate 32 + -27 + (-1 - -2).
6
Evaluate -1 + 0 + -3 + -5 + 7.
-2
(0 - 0) + -2 + -3
-5
Evaluate -2 + -3 + 3 + 0 - 1.
-3
What is the value of (-1 - (8 + -9 - 3)) + -7?
-4
2 - 5 - (25 + -32)
4
What is -5 + (-3 - -5 - 0)?
-3
What is -3 - -15 - (-30 + 41)?
1
What is the value of -8 + -7 + -4 + 23?
4
Calculate (6 - (-2 + 4)) + 0 - -3.
7
1 + -2 - (-28 + 26)
1
-4 + 4 + 5 + -17 + 6
-6
Calculate 2 - (-3 - ((-8 - -1) + 3)).
1
What is 8 + (4 - 16) + 8?
4
What is 1 + 0 + -3 + 6?
4
What is the value of (1 + -3 + -1 - -4) + -4?
-3
What is 52 + -51 + (-1 - 0) + 1?
1
What is the value of (1 - 5) + (8 - 14) + 11?
1
(-6 - -13) + (4 - 1 - 4)
6
-8 - -7 - ((1 - 3) + -3)
4
What is 4 + (-16 - (-9 + 3))?
-6
What is the value of 0 - (5 - 10 - -8)?
-3
Calculate (7 - (-1 + -1)) + 10 + -14.
5
Evaluate -6 - 0 - (-15 - 3 - -20).
-8
What is -6 + 1 + -4 + (-1 - -6)?
-4
Evaluate ((3 - -4) + 7 - 4) + -3.
7
What is the value of 3 - (8 + -12 - 2)?
9
3 - (0 - 0) - 3 - 1
-1
(26 - 19) + (-7 - 1) - 4
-5
-2 + 2 + (-3 - (-4 - -2))
-1
What is the value of 56 + -55 + -4 + 2?
-1
0 + 1 - (-6 - -1) - -1
7
Calculate (3 - (6 - 5)) + 3 - 2.
3
Calculate (-8 - -12) + -20 + 6.
-10
What is the value of -7 - (6 - (-2 + 5 + 6))?
-4
Calculate (-108 - -108) + -2 + 10 + -2.
6
(6 - -4) + 1 + -11
0
What is the value of (-2 - ((1 - -3) + -6)) + 3?
3
(2 - 1) + 0 + (1 - 3)
-1
What is the value of -13 - -2 - (21 - 28) - -2?
-2
2 + -4 + (5 - 1)
2
What is the value of -7 + 4 + (-4 - -2)?
-5
What is the value of (-1 - -5) + -3 + -1?
0
What is the value of -3 - -9 - ((-2 - 2) + 6)?
4
What is 1 + 5 + (81 - 93)?
-6
What is -1 + 5 - (1 - (2 + -9))?
-4
Evaluate -1 + (-22 - -27 - (0 + -6)).
10
Evaluate -19 - (-10 - 4) - (-11 + 0).
6
Evaluate 0 + (-5 - (0 + -2)).
-3
Evaluate (12 - (6 - 1)) + -2.
5
-12 + (10 